e 0*q - 72 = -q. Suppose -3*b = 2*b - 105. Suppose -m + 79 = 3*d, m - q = 4*d - b. Is m prime?
True
Suppose 0 = 4*z + 4*p - 11276, 2*z + 4*p + 0*p = 5630. Let a = z + -1280. Is a a prime number?
True
Let z(f) = -9*f + 15. Let t be z(3). Let i(b) = -b**2 - 16*b - 14. Is i(t) a composite number?
True
Let g(f) = 322*f + 37. Let k(n) = -161*n - 17. Let t(b) = 322*b + 33. Let v(p) = 5*k(p) + 2*t(p). Let r(c) = 6*g(c) + 11*v(c). Is r(6) composite?
True
Is (((-24936)/(-9))/(-2))/((-10)/15) prime?
False
Let c(l) = -l + 12. Let q be ((-1)/(-3))/(11/264). Let v be c(q). Suppose 0 = -v*z - 2*u + 206, 5*z = -4*u + u + 260. Is z a composite number?
True
Let i be (-2)/8 - (-9)/36. Suppose -4*y = -338 - 374. Is y - i*(2 + -3) a composite number?
True
Let f be (-6)/24 - 1/(-4). Let j(d) = 11*d**3 + 3*d**2 + 245. Let k(n) = -4*n**3 - n**2 - 82. Let u(g) = 3*j(g) + 8*k(g). Is u(f) a prime number?
True
Suppose 2*x = 5*x - 9, 4*l - 33 = -3*x. Suppose 0 = l*t - 4*t - 2278. Is t a composite number?
True
Let v = -14 + 16. Suppose -h + v*c - 5 = 0, -2*c + 29 = 3*h + 3*c. Suppose 0*o - 4*t + 612 = 4*o, 0 = -h*o + t + 479. Is o a composite number?
True
Is (-1)/(-2) + (-813807)/(-102) composite?
True
Let g = -11 + 7. Is -28*(3/g - 438/12) a composite number?
True
Suppose -w - 6*d + 2*d - 2 = 0, -2*w - 4*d - 4 = 0. Let a be w/3 - 34/(-6). Suppose -3*z + 199 = 4*m, -a*z = -2*m + 5*m - 152. Is m prime?
False
Let f(p) = 16*p**2 - 7*p + 4. Let b be f(4). Let y = -999 - -1494. Let v = y - b. Is v a prime number?
True
Suppose 2*a - 9 = -v + 5*a, 0 = 3*v - 5*a - 19. Suppose -s - 260 = v*s. Let u = s - -102. Is u composite?
False
Suppose -4 = -2*s, 2*s + 0*s + 1 = -h. Let y be h/2*(-3 + 1). Let j(w) = 3*w**3 - 5*w**2 - 4*w - 7. Is j(y) prime?
True
Let x(f) = -f**3 + 14*f**2 - 25*f + 6. Let d be x(11). Suppose 0 = -4*w - 16, n - d = 3*w + 721. Is n a prime number?
False
Let b = -89 + 167. Let l = b - -8. Is l a composite number?
True
Let x(z) = z. Let r be x(-6). Let p = r + 49. Is p composite?
False
Let m be (-4 - -2)*966/(-4). Let p = 1012 - m. Is p composite?
True
Is (-2 + 8 - -7)/(3/14961) a composite number?
True
Let r(z) = z**2 - 9*z - 16. Let p(x) = -3*x**2 + 19*x + 33. Let m(q) = -2*p(q) - 5*r(q). Let u be m(-7). Suppose 0 = -3*v + 103 + u. Is v composite?
True
Suppose 4*b = 5*x + 498, -5*b - 44 = x + 44. Is (8/44 + x/(-66))*39 a prime number?
False
Suppose -12477 = -12*d + 68871. Is d prime?
True
Let b(y) = y**3 + 17*y**2 - 38*y - 10. Let o be b(-19). Let i = o + 167. Is i a composite number?
False
Let t = 228691 + -86802. Is t composite?
True
Let o = -93 + 97. Let y(b) = -b**3 - 6*b**2 - 5*b + 5. Let m be y(-5). Suppose m*x = 4*z - 3158, o*z + 3*x - 3929 = -z. Is z a prime number?
True
Let b = 94 - -142. Let v be (6/2)/(6/b). Suppose -d + v = -45. Is d prime?
True
Suppose -5173 = -561*m + 554*m. Is m prime?
True
Suppose -6*d + d - 23685 = -5*v, -4737 = -v - 4*d. Is v composite?
True
Suppose 102524 = 8*i + 12100. Is i composite?
True
Let u = 17 + -25. Let r(b) = -b - 5. Let g be r(u). Is -1 + g/6*46 composite?
True
Is (-12)/9 - (-45860)/6 prime?
False
Let u(h) = 9133*h - 2. Let j be u(1). Suppose 22*g + g - j = 0. Is g a composite number?
False
Suppose -2*v + 3053 = -a, -v - 5*a + 520 = -1012. Is v a composite number?
True
Let k(r) = -24*r + 2. Let h be k(-1). Let z = 47 - h. Is z prime?
False
Suppose -4*n = -8*n + 2300. Suppose -341 = -3*h + 5*s, 5*h - n = -2*s + 7*s. Suppose -k + 46 = -h. Is k a composite number?
False
Let j(y) = 2 - y**2 + 0 + 0*y + 4*y**2 - y. Let d be j(-7). Let q = -97 + d. Is q prime?
True
Let n = 4880 - 2113. Is n a composite number?
False
Let h(f) = -278*f + 161. Is h(-16) a composite number?
True
Let i(q) = -2327*q + 35. Is i(-6) composite?
False
Suppose 79074 = 38*f - 20*f. Is f prime?
False
Let i be 15/(-60) - ((-1685)/4 + 3). Suppose -7*g = -2*g. Suppose 4*b + 30 - i = g. Is b composite?
False
Suppose -1638*t + 1627*t + 18139 = 0. Is t a composite number?
True
Let c(q) be the third derivative of q**5/12 + q**4/6 + 2*q**3/3 + q**2. Let y = 752 + -755. Is c(y) prime?
True
Let s(d) = 3*d - 10. Let u be s(10). Suppose -u = -5*p, -21 = -4*i - 3*p + 151. Is i*(-13)/(-2) + -1 composite?
True
Let r = -6 - -10. Suppose 16 = -4*b - r, 3*b - 11 = -2*o. Let t = 64 - o. Is t a composite number?
True
Let s = 5635 - 362. Is s composite?
False
Suppose -j = 3*b + 2*b + 11, -2*b + 10 = 4*j. Suppose -661 + 2981 = 8*o. Let a = b + o. Is a composite?
True
Suppose 4*s - 16626 = -3*o + 1487, 0 = s + 5*o - 4524. Is s a prime number?
False
Let s(d) = 47*d**2 - 7*d + 1. Let a be (-5)/((0 - -2)/2). Is s(a) a prime number?
False
Let i(x) = -118*x - 18. Let r be i(-6). Suppose 6*d + r = 12*d. Is d composite?
True
Let y(n) = 78*n**2 + 24*n - 7. Is y(7) a composite number?
True
Let b(g) = 2*g**2 + 27*g + 1. Let p(k) = -k**2 - 13*k. Let i(z) = -3*b(z) - 7*p(z). Let n be i(-10). Let l = n + 14. Is l a prime number?
True
Suppose 4*i + 47113 = 8*i + 5*n, 3*n = -2*i + 23557. Is i a composite number?
False
Suppose -1168*w + 1173*w - 357385 = 0. Is w a prime number?
False
Is (3740900/30 + -12)/((-4)/(-6)) composite?
False
Is (-263290)/(-70) - (-8)/(-28) a composite number?
False
Suppose -8*n + 250093 = -89515. Is n a composite number?
False
Let i(p) = -56 - 893*p + 56. Is i(-1) a prime number?
False
Let h = -69 - -69. Suppose 0 = -2*z + q + 1370, h*z + z + q = 685. Is z composite?
True
Let j(f) = 4*f + 2. Let l be j(-5). Let b be (-6)/36 + (-26607)/l. Is b*(0 + (-4)/(-8)) prime?
True
Suppose 13*v = 17*v - 2956. Let l = v + -474. Is l prime?
False
Suppose 15*y - 1479 = 12*y. Is y a prime number?
False
Suppose 22*w - 50 = 17*w. Suppose -c + 606 = -4*s, w*c - 5*c - 3120 = 2*s. Is c a composite number?
True
Let q(i) = 234*i**2 + 6*i - 7. Is q(2) a prime number?
True
Let n be 1*(-5)/5 - -3. Suppose 4*k + 0*s + 2*s - 756 = 0, -943 = -5*k - n*s. Is k composite?
True
Let p(y) = -y**2 + y - 10. Let m be p(0). Let g = -8 - m. Suppose 2*u = 2, 5*l + g*u - 819 = 1588. Is l prime?
False
Let y(g) = -548*g - 95. Is y(-6) a composite number?
True
Let k be (5898/10)/((-9)/(-45)). Let q = k - 1478. Is q prime?
True
Let l(v) = -71*v**2 + 6. Suppose -2*a + 16 = 22. Let c be l(a). Let w = -376 - c. Is w composite?
False
Let k(u) = 635*u + 2. Suppose -4*s + 4*p = -0*p - 16, 4 = s - 4*p. Let j be k(s). Suppose 3*r - j + 673 = 0. Is r composite?
True
Suppose -j + 28 = 6*j. Suppose -14*d + j*d + 2330 = 0. Is d a composite number?
False
Let i(y) = -23*y - 7. Let o be i(-2). Let w = -15 + o. Let b = w + 14. Is b prime?
False
Let w(p) = 8*p**3 - 39*p**2 + 30*p - 177. Is w(16) a composite number?
False
Is 44/(-330) + 158387/15 prime?
True
Suppose 13*c + 28468 = 17*c. Is c a prime number?
False
Suppose 0 = -3*w + 5*o + 3528, 5*o = 4*w + 2*o - 4693. Is w a composite number?
False
Suppose -194134 = -11*d - 26747. Is d a composite number?
False
Let w(v) be the first derivative of -v - 5 + 1/3*v**3 + 3/2*v**2. Is w(-9) composite?
False
Let r = -3 + 7. Suppose -22*b + 278 - 102 = 0. Is r - 2*(-436)/b prime?
True
Suppose u - 5*k - 1411 - 775 = 0, -u + 3*k + 2184 = 0. Is u composite?
True
Let v(w) = 13*w - 5. Let o be v(1). Let p = o + 477. Is p prime?
False
Let g(f) = -2*f + 14. Let b be g(7). Suppose h - 4*h - 3 = b. Is (-28 + -3)/(h - 0) composite?
False
Suppose -5078 = -m + s, -3*s = -3*m + s + 15233. Suppose 11*k = 10*k + m. Is k composite?
True
Suppose -22 = 5*k - 2. Let q be (-7 + 7)*2/k. Suppose o + 2*o - 1065 = q. Is o prime?
False
Suppose 10*i - 738 = 1212. Let n = 602 + i. Is n prime?
True
Let q = -36261 - -108002. Is q prime?
True
Is (23/(-7))/((-15)/30765) composite?
True
Let a be (((-25)/(-3))/1)/((-21)/(-504)). Let r = 137 + a. Is r prime?
True
Let t(g) = -46*g + 37. Let d be t(-15). Suppose 4*y - d = 1189. Is y composite?
False
Let j = 37524 + -4655. Is j a prime number?
True
Suppose 0 = z - 3336 + 495. Is z a composite number?
True
Let b = -17393 - -24462. Is b a prime number?
True
Let y(g) = 2*g - 23. Let j be y(11). Is (3 + -5)/(2356/(-2348) - j) prime?
True
Let h be 3 + 1/((-3)/(-48)). Let a = -16 + h. Suppose 337 = 4*m + 4*o - 287, -a*m - 5*o = -466. Is m composite?
False
Suppose -t = -4*v - 31, 3*v + 3*t + 14 = 2. Let a(z) = -5*z**3 + 3*z**2 + 11*z + 8. Let y be a(v). Let d = -678 + y. Is